s 6 (base 15) in base 14?
6
-119 (base 10) to base 9
-142
What is 8 (base 13) in base 5?
13
What is 10010 (base 2) in base 16?
12
Convert 32 (base 9) to base 7.
41
54 (base 6) to base 16
22
What is 39 (base 10) in base 5?
124
46 (base 15) to base 10
66
Convert 4 (base 11) to base 10.
4
-434 (base 6) to base 10
-166
Convert 10201 (base 3) to base 11.
91
Convert 47 (base 10) to base 13.
38
Convert -4 (base 11) to base 16.
-4
What is 4 (base 9) in base 14?
4
Convert 21 (base 7) to base 15.
10
13 (base 4) to base 13
7
-12 (base 10) to base 4
-30
Convert -4c (base 13) to base 2.
-1000000
Convert -12 (base 11) to base 7.
-16
What is 1 (base 10) in base 2?
1
3 (base 14) to base 4
3
What is 3 (base 10) in base 4?
3
Convert -40 (base 5) to base 11.
-19
0 (base 2) to base 12
0
Convert 11 (base 7) to base 4.
20
What is -5 (base 10) in base 6?
-5
-10 (base 5) to base 12
-5
Convert -101 (base 2) to base 8.
-5
Convert -2c (base 14) to base 5.
-130
-8 (base 16) to base 15
-8
Convert -1112 (base 3) to base 12.
-35
What is -4 (base 5) in base 2?
-100
Convert 0 (base 6) to base 4.
0
Convert 3 (base 5) to base 14.
3
What is 5 (base 16) in base 11?
5
1 (base 14) to base 11
1
Convert -35 (base 6) to base 16.
-17
-27 (base 14) to base 16
-23
Convert 6 (base 14) to base 8.
6
Convert -2 (base 8) to base 12.
-2
What is 0 (base 11) in base 6?
0
76 (base 10) to base 14
56
Convert -321 (base 4) to base 15.
-3c
-3a (base 13) to base 6
-121
What is 4 (base 7) in base 16?
4
Convert 2 (base 5) to base 14.
2
-28 (base 9) to base 7
-35
Convert 4 (base 8) to base 4.
10
-3 (base 7) to base 10
-3
What is 160 (base 16) in base 15?
187
2322 (base 4) to base 3
20220
What is -1100 (base 2) in base 3?
-110
Convert -10 (base 4) to base 14.
-4
What is 78 (base 11) in base 14?
61
0 (base 2) to base 13
0
-74 (base 13) to base 15
-65
What is 6 (base 9) in base 6?
10
What is -28 (base 15) in base 5?
-123
4 (base 10) to base 4
10
Convert 6 (base 8) to base 11.
6
5 (base 9) to base 11
5
3 (base 7) to base 9
3
-23 (base 9) to base 16
-15
Convert -10 (base 5) to base 16.
-5
Convert 23 (base 12) to base 6.
43
48 (base 14) to base 13
4c
Convert -1 (base 9) to base 10.
-1
-11 (base 15) to base 9
-17
What is -246 (base 9) in base 8?
-314
Convert -213 (base 6) to base 2.
-1010001
What is 88 (base 12) in base 14?
76
24 (base 6) to base 5
31
Convert 1 (base 2) to base 7.
1
-3a (base 13) to base 16
-31
Convert -35 (base 14) to base 16.
-2f
0 (base 7) to base 11
0
What is -5 (base 15) in base 5?
-10
Convert 0 (base 15) to base 8.
0
-2 (base 13) to base 16
-2
Convert -1304 (base 5) to base 6.
-540
-10 (base 4) to base 3
-11
Convert -b (base 12) to base 5.
-21
What is -8 (base 12) in base 15?
-8
120 (base 3) to base 2
1111
Convert -6 (base 14) to base 12.
-6
What is c (base 16) in base 5?
22
-10 (base 12) to base 11
-11
Convert 1 (base 15) to base 16.
1
What is -4 (base 15) in base 7?
-4
-59 (base 14) to base 11
-72
What is 2 (base 8) in base 13?
2
What is 6 (base 11) in base 10?
6
22 (base 8) to base 10
18
What is -101 (base 2) in base 3?
-12
-11022 (base 3) to base 12
-98
What is 12221 (base 4) in base 3?
120202
What is -3 (base 9) in base 5?
-3
What is -96 (base 16) in base 6?
-410
Convert -4 (base 6) to base 11.
-4
Convert 1 (base 6) to base 9.
1
4 (base 10) to base 14
4
What is 116 (base 12) in base 2?
10100010
-10 (base 2) to base 6
-2
What is -343 (base 6) in base 12?
-b3
What is 5a (base 16) in base 6?
230
What is 2 (base 11) in base 14?
2
Convert -17 (base 9) to base 3.
-121
What is 40 (base 7) in base 11?
26
11 (base 7) to base 5
13
363 (base 7) to base 9
233
What is -162 (base 7) in base 9?
-113
-73 (base 12) to base 16
-57
Convert -101 (base 6) to base 12.
-31
Convert -89 (base 16) to base 14.
-9b
What is 162 (base 9) in base 3?
12002
-21 (base 15) to base 12
-27
What is 66 (base 10) in base 8?
102
Convert 38 (base 13) to base 15.
32
Convert 44 (base 5) to base 9.
26
-113 (base 7) to base 2
-111011
-5 (base 12) to base 13
-5
Convert -11 (base 11) to base 15.
-c
What is 4 (base 7) in base 14?
4
What is 5 (base 12) in base 2?
101
Convert -1001 (base 2) to base 10.
-9
What is -1 (base 15) in base 4?
-1
Convert -110010 (base 2) to base 3.
-1212
Convert 65 (base 8) to base 13.
41
What is -47 (base 8) in base 14?
-2b
Convert -44 (base 12) to base 6.
-124
15 (base 8) to base 5
23
-11 (base 10) to base 3
-102
Convert -57 (base 10) to base 5.
-212
Convert 40 (base 5) to base 4.
110
Convert 2 (base 9) to base 16.
2
What is -1 (base 13) in base 4?
-1
What is 11 (base 2) in base 3?
10
Convert 0 (base 6) to base 11.
0
Convert -4 (base 6) to base 5.
-4
What is 51 (base 10) in base 3?
1220
What is -42 (base 5) in base 11?
-20
What is 4 (base 16) in base 7?
4
-404 (base 5) to base 2
-1101000
-41 (base 16) to base 2
-1000001
What is -61 (base 7) in base 6?
-111
6 (base 10) to base 14
6
116 (base 7) to base 16
3e
Convert 5 (base 12) to base 7.
5
-72 (base 13) to base 16
-5d
What is 7 (base 11) in base 8?
7
Convert 214 (base 10) to base 2.
11010110
Convert -c (base 15) to base 16.
-c
1 (base 5) to base 13
1
Convert 11 (base 9) to base 7.
13
What is 37 (base 11) in base 5?
130
What is 11 (base 10) in base 11?
10
Convert 14 (base 13) to base 16.
11
13 (base 16) to base 14
15
-12 (base 16) to base 14
-14
What is -1 (base 13) in base 11?
-1
-2b (base 13) to base 6
-101
Convert 3 (base 14) to base 13.
3
-21 (base 5) to base 9
-12
Convert -301 (base 4) to base 7.
-100
What is -2 (base 12) in base 8?
-2
What is 391 (base 10) in base 6?
1451
What is -7 (base 13) in base 2?
-111
-b1 (base 14) to base 9
-182
Convert 2 (base 12) to base 6.
2
What is -1422 (base 5) in base 2?
-11101101
Convert 10 (base 12) to base 6.
20
1100 (base 2) to base 15
c
What is -664 (base 7) in base 15?
-17a
What is 1 (base 9) in base 5?
1
What is 23 (base 5) in base 11?
12
What is ba (base 15) in base 14?
c7
What is 2 (base 15) in base 4?
2
What is -4 (base 16) in base 2?
-100
-57 (base 13) to base 16
-48
-110 (base 4) to base 7
-26
What is 77 (base 15) in base 11?
a2
Convert 2112 (base 3) to base 8.
104
25 (base 9) to base 16
17
Convert 100 (base 8) to base 7.
121
What is -20 (base 5) in base 12?
-a
Convert -113 (base 12) to base 9.
-186
What is -110 (base 3) in base 4?
-30
Convert 98 (base 12) to base 8.
164
Convert -120 (base 3) to base 16.
-f
Convert -3 (base 9) to base 4.
-3
-11 (base 14) to base 5
-30
-23 (base 9) to base 16
-15
Convert 3 (base 13) to base 3.
10
What is 3 (base 12) in base 8?
3
Convert -143 (base 8) to base 2.
-1100011
What is 43 (base 10) in base 3?
1121
What is 41 (base 14) in base 13?
45
-21 (base 15) to base 9
-34
What is 10 (base 5) in base 14?
5
Convert -5 (base 11) to base 15.
-5
What is 2e (base 15) in base 12?
38
What is 23 (base 15) in base 16?
21
Convert 3 (base 8) to base 5.
3
What is -269 (base 10) in base 8?
-415
Convert 20 (base 6) to base 4.
30
Convert 26 (base 9) to base 11.
22
-51 (base 7) to base 12
-30
Convert -3 (base 14) to base 3.
-10
What is -3 (base 12) in base 7?
-3
What is 0 (base 13) in base 7?
0
What is 4 (base 15) in base 4?
10
What is -2122 (base 3) in base 4?
-1013
What is 0 (base 4) in base 12?
0
2 (base 9) to base 14
2
-2 (base 7) to base 6
-2
What is -5 (base 10) in base 5?
-10
-112 (base 3) to base 12
-12
-1221 (base 4) to base 5
-410
What is -20 (base 4) in base 11?
-8
What is 303 (base 5) in base 11?
71
What is 44 (base 6) in base 14?
20
Convert 2 (base 15) to base 14.
2
What is -5 (base 6) in base 9?
-5
Convert 1232 (base 4) to base 15.
75
What is -20 (base 6) in base 10?
-12
-5 (base 11) to base 2
-101
Convert 11 (base 9) to base 13.
a
What is -136 (base 9) in base 14?
-82
Convert 19 (base 13) to base 16.
16
-20 (base 3) to base 6
-10
What is 0 (base 3) in base 9?
0
Convert -11 (base 6) to base 13.
-7
222 (base 4) to base 2
101010
Convert 28 (base 15) to base 16.
26
Convert 270 (base 8) to base 3.
20211
What is 27 (base 11) in base 5?
104
3 (base 13) to base 6
3
Convert 20 (base 8) to base 16.
10
Convert 13 (base 8) to base 2.
1011
0 (base 13) to base 4
0
-22110 (base 3) to base 7
-444
What is 20221 (base 3) in base 13?
115
-14b (base 12) to base 9
-245
Convert 236 (base 7) to base 4.
1331
What is 111 (base 2) in base 6?
11
What is 86 (base 13) in base 7?
215
-4 (base 14) to base